7
Calculate the greatest common factor of 11 and 11143.
11
Calculate the greatest common factor of 85 and 544.
17
What is the highest common divisor of 144 and 32?
16
Calculate the greatest common factor of 1639 and 3725.
149
What is the greatest common factor of 7168 and 672?
224
Calculate the highest common divisor of 192 and 6432.
96
What is the highest common factor of 56 and 56?
56
What is the greatest common factor of 152 and 418?
38
What is the greatest common factor of 120 and 22200?
120
Calculate the greatest common divisor of 2 and 58.
2
Calculate the greatest common factor of 76 and 15922.
38
Calculate the highest common divisor of 546 and 468.
78
What is the highest common factor of 13 and 1027?
13
Calculate the highest common factor of 98 and 6496.
14
What is the greatest common factor of 5 and 655?
5
Calculate the highest common divisor of 3065 and 15.
5
Calculate the highest common divisor of 73 and 1.
1
Calculate the greatest common factor of 1456 and 280.
56
Calculate the highest common divisor of 68 and 187.
17
Calculate the greatest common divisor of 175 and 63.
7
What is the greatest common divisor of 4082 and 286?
26
What is the greatest common divisor of 39 and 2301?
39
What is the highest common factor of 1261 and 13?
13
What is the greatest common factor of 90 and 108?
18
Calculate the highest common factor of 17928 and 648.
216
Calculate the highest common divisor of 252 and 72.
36
Calculate the highest common factor of 825 and 33.
33
What is the greatest common divisor of 1044 and 8?
4
Calculate the highest common factor of 52 and 1872.
52
What is the highest common factor of 51 and 8381?
17
What is the greatest common divisor of 825 and 25?
25
Calculate the greatest common factor of 64 and 6352.
16
What is the greatest common factor of 2072 and 4736?
296
Calculate the highest common factor of 4089 and 174.
87
Calculate the greatest common factor of 189 and 13041.
189
What is the greatest common divisor of 168 and 3108?
84
Calculate the highest common factor of 164 and 212.
4
What is the greatest common factor of 55 and 20?
5
Calculate the greatest common divisor of 4 and 1676.
4
Calculate the greatest common factor of 27 and 9.
9
Calculate the highest common factor of 26 and 1066.
26
What is the highest common divisor of 220 and 2948?
44
What is the greatest common divisor of 416 and 26?
26
What is the greatest common divisor of 221 and 26?
13
What is the highest common factor of 17496 and 96?
24
What is the highest common divisor of 2091 and 1968?
123
Calculate the highest common divisor of 25 and 25150.
25
Calculate the highest common factor of 45 and 99.
9
What is the highest common divisor of 168 and 200?
8
Calculate the greatest common divisor of 30 and 110.
10
Calculate the greatest common factor of 147 and 14.
7
What is the highest common divisor of 21 and 3?
3
What is the greatest common divisor of 153 and 748?
17
What is the greatest common divisor of 31 and 1?
1
What is the greatest common factor of 944 and 960?
16
Calculate the greatest common factor of 103 and 2781.
103
What is the highest common factor of 525 and 588?
21
Calculate the highest common factor of 27 and 297.
27
What is the highest common divisor of 88 and 396?
44
Calculate the greatest common factor of 2121 and 21.
21
Calculate the highest common factor of 782 and 136.
34
Calculate the highest common divisor of 810 and 12.
6
Calculate the highest common factor of 172 and 1591.
43
Calculate the highest common divisor of 252 and 876.
12
Calculate the greatest common factor of 920 and 80.
40
Calculate the highest common factor of 66 and 110.
22
What is the highest common divisor of 39 and 507?
39
Calculate the highest common factor of 174 and 1682.
58
What is the highest common divisor of 138 and 18?
6
Calculate the greatest common factor of 351 and 312.
39
Calculate the highest common factor of 679 and 485.
97
Calculate the greatest common divisor of 47 and 517.
47
Calculate the highest common factor of 522 and 18.
18
Calculate the highest common divisor of 26 and 208.
26
Calculate the greatest common divisor of 357 and 15.
3
Calculate the highest common factor of 7 and 56.
7
Calculate the greatest common factor of 247 and 76.
19
Calculate the highest common divisor of 4 and 598.
2
What is the highest common divisor of 1025 and 369?
41
What is the highest common divisor of 357 and 21?
21
Calculate the highest common factor of 17171 and 77.
77
What is the greatest common factor of 2563 and 22?
11
What is the highest common divisor of 80 and 272?
16
What is the greatest common factor of 567 and 21?
21
What is the greatest common divisor of 1767 and 57?
57
Calculate the greatest common factor of 1 and 3.
1
Calculate the highest common factor of 1 and 7591.
1
Calculate the highest common divisor of 9 and 16749.
9
Calculate the highest common divisor of 1625 and 26.
13
What is the greatest common divisor of 30 and 285?
15
What is the highest common factor of 6270 and 105?
15
What is the highest common factor of 169 and 65?
13
Calculate the highest common divisor of 492 and 2091.
123
What is the greatest common factor of 91 and 117?
13
What is the greatest common factor of 21 and 1344?
21
Calculate the highest common divisor of 18 and 72.
18
Calculate the greatest common factor of 31 and 2449.
31
Calculate the highest common factor of 832 and 156.
52
Calculate the highest common divisor of 57 and 12.
3
What is the greatest common factor of 10 and 595?
5
Calculate the greatest common divisor of 52 and 20.
4
What is the highest common divisor of 16 and 2456?
8
Calculate the greatest common factor of 50 and 270.
10
What is the greatest common factor of 48 and 72?
24
What is the greatest common factor of 731 and 17?
17
What is the greatest common divisor of 77 and 35?
7
What is the highest common divisor of 1908 and 72?
36
Calculate the greatest common factor of 80 and 14976.
16
Calculate the greatest common divisor of 25 and 80.
5
Calculate the highest common factor of 84 and 960.
12
Calculate the highest common divisor of 4732 and 140.
28
What is the highest common divisor of 492 and 300?
12
What is the greatest common divisor of 1328 and 256?
16
Calculate the highest common factor of 3773 and 22.
11
What is the highest common divisor of 75 and 45?
15
Calculate the greatest common factor of 125 and 75.
25
Calculate the greatest common factor of 973 and 7.
7
What is the greatest common factor of 42 and 3206?
14
Calculate the highest common divisor of 132 and 12.
12
What is the greatest common divisor of 19 and 48241?
19
Calculate the highest common factor of 6076 and 14.
14
What is the highest common factor of 184 and 64?
8
What is the highest common divisor of 360 and 768?
24
Calculate the highest common factor of 65 and 286.
13
Calculate the greatest common divisor of 132 and 330.
66
Calculate the highest common factor of 28 and 2492.
28
What is the highest common divisor of 259 and 20720?
259
Calculate the highest common divisor of 10 and 11185.
5
Calculate the greatest common divisor of 53 and 3869.
53
What is the highest common factor of 21 and 574?
7
What is the greatest common divisor of 40 and 1700?
20
What is the highest common divisor of 6 and 501?
3
What is the highest common factor of 36 and 4?
4
Calculate the highest common divisor of 572 and 7722.
286
What is the greatest common divisor of 65 and 5707?
13
What is the greatest common divisor of 589 and 1829?
31
What is the greatest common divisor of 45 and 90?
45
What is the greatest common factor of 41 and 1189?
41
Calculate the highest common factor of 1110 and 90.
30
Calculate the greatest common factor of 74 and 1517.
37
Calculate the highest common factor of 1146 and 114.
6
What is the highest common divisor of 49 and 343?
49
What is the highest common divisor of 44 and 407?
11
What is the highest common factor of 377 and 767?
13
What is the highest common divisor of 250 and 200?
50
What is the highest common factor of 8 and 852?
4
Calculate the greatest common factor of 87 and 6.
3
Calculate the highest common factor of 1668 and 12.
12
What is the greatest common divisor of 132 and 1100?
44
Calculate the highest common divisor of 803 and 365.
73
Calculate the greatest common fac